ommon divisor of c and 38.
38
Let y = 8 + -5. Suppose -y*w + 2*o + 27 + 14 = 0, -52 = -4*w + 2*o. What is the greatest common factor of w and 110?
11
Let k be (-4)/(-6) - 12/18. Suppose k = -5*s + 8 + 2. Suppose 0 = -5*i + 5*l, l + l - s = i. Calculate the greatest common divisor of i and 10.
2
Suppose 0 = 4*q - 4*y - 12 - 28, 3*q - 28 = 2*y. Calculate the highest common divisor of 5 and q.
1
Let w be (924/35)/((-3)/(-50)). Suppose -18*h + 435 = -285. What is the highest common divisor of w and h?
40
Let k = 1694 - 1678. Calculate the highest common divisor of k and 48.
16
Let c = 35 - 33. Suppose -4*o + 103 = -3*n, c*o - 2*n - 11 = 41. Calculate the highest common divisor of o and 125.
25
Let v = -641 - -642. Calculate the greatest common factor of 67 and v.
1
Suppose -i + 5*i = -3*j + 123, 3*j = i - 42. Calculate the greatest common factor of i and 99.
33
Suppose -34*a = -37*a + 3*l + 237, -3*a + 217 = l. What is the highest common divisor of 74 and a?
74
Let t be 2*(-7 - -516 - -3). What is the greatest common factor of 16 and t?
16
Let a be (0 + -4)*11/(-4). Let r be ((-13)/(-4))/(1/4). Suppose 2*m = -3*n - 2*n - r, -2*m + 5 = -n. Calculate the highest common divisor of m and a.
1
Let a(c) = c**2 - 2*c + 1. Let y be a(3). Suppose -y*n + 162 - 46 = 0. Let z(h) = 7*h - 139. Let s be z(24). What is the greatest common factor of n and s?
29
Suppose -5*x = -2*n + 47, 5*n = 3*x - 29 + 99. Calculate the greatest common divisor of n and 8.
1
Let i = 162 + -62. Suppose 5*h - 4*h = 2. Suppose h*r = -4*j + 16, 5*r = -5*j - 18 + 63. Calculate the greatest common factor of r and i.
10
Let l = 121 - 118. Suppose 3*a = 4*r - 369, l*r + 4*a + a - 255 = 0. What is the greatest common divisor of 45 and r?
45
Suppose 0 = -35*z + 32*z + 39. Suppose 8*u + 45 = z*u + 5*p, -1 = u - p. Calculate the highest common factor of u and 4.
4
Suppose y + 2*x - 151 = 0, y + x = -0*y + 154. Let p = y + -109. Let m = 86 - p. Calculate the highest common divisor of m and 95.
19
Let w = -18 + 28. Let l = 142 + -142. Let c = w + l. Calculate the greatest common factor of c and 80.
10
Let w be 0 - ((0 - 3) + 3). Suppose -4*g + 276 = -4*u, 4*g + 4*u + 0*u - 252 = w. Calculate the highest common factor of g and 22.
22
Let j = 138 + -34. Let x be (-848)/j - 4/(-26). Let f(w) = -w**3 - 7*w**2 + 6*w + 2. Let a be f(x). Calculate the highest common factor of 198 and a.
18
Let x(u) = 2*u**2 - 21*u + 1. Let b(p) = -8*p**2 + 85*p - 5. Let v(m) = 2*b(m) + 9*x(m). Let w be v(13). What is the highest common factor of w and 18?
18
Let j(k) = -35*k + 14. Suppose 18 = 5*t + 2*g - 58, -5*g - 55 = -5*t. Let o = -20 + t. Let q be j(o). Calculate the highest common divisor of 28 and q.
28
Let g(n) = n**3 + 5*n**2 + 2*n - 1. Let d be g(-3). Let z = d + -27. Let i = z - -32. Calculate the highest common factor of 96 and i.
16
Let m be (-18)/(-5*(-10)/(-325)). What is the greatest common divisor of 18 and m?
9
Let c be (-1 + (-5)/25)*-30. Calculate the greatest common factor of 324 and c.
36
Let w(o) = -o**3 - 2*o**2 - o + 2. Suppose -4*h - 16 = -0. Let d be (4/(-6))/(h/(-18)). Let s be w(d). What is the highest common factor of 98 and s?
14
Suppose 4*t = -4*s + 80, -2*t + 5*s - 1 = -27. Suppose 10*v = t*v - 64. What is the greatest common factor of 72 and v?
8
Let v = 2071 - 2049. Calculate the greatest common factor of v and 1540.
22
Let x be (-125)/(-5) + 2 + -5. Calculate the highest common factor of 154 and x.
22
Suppose -b + 4*y - 21 = -60, 5*b - 3*y - 110 = 0. Calculate the highest common factor of b and 152.
19
Let y(z) = -9*z - 1. Let c be y(-1). Let a be 13*5 - 18/(-6). Let i = 124 - a. What is the greatest common divisor of c and i?
8
Let r(g) = -g + 2. Let d be r(6). Let v = d + 0. Let l be (38 + v - 1)/1. What is the highest common divisor of l and 11?
11
Let x be -2 - (-4812)/13 - (-2)/(-13). Calculate the greatest common factor of x and 8.
8
Let g = 389 - 272. Let k(t) = -t**2 + 11*t - 5. Let z be k(11). Let p be (-5)/(z/14) - 1. Calculate the highest common divisor of g and p.
13
Let j = 62 + -37. Let c = -11 - 2. Let o = c + j. Calculate the highest common factor of o and 6.
6
Suppose p + 13 = g + 4, 4*g = 2*p + 26. Suppose g*m - 151 = 89. What is the highest common factor of m and 30?
30
Suppose -4*x = -2*x - 84. Let b be 2*((-3)/(-12) - 63/(-12)). Let d(s) = -s**2 + 13*s - 16. Let f be d(b). Calculate the greatest common divisor of f and x.
6
Suppose 2*r - 15 = -13. Let p(k) = k**3 - 6*k**2 + 8*k - 12. Let c be p(5). Calculate the greatest common divisor of c and r.
1
Let h(g) = g**2 + g - 3. Let l be h(2). Suppose -4*s + 5*s - 9 = 0. What is the highest common divisor of l and s?
3
Suppose -4*k + 5*k + 4 = 0. Let m be (-98)/(-12) - k/(-24). Suppose 0 = m*t - 4*t - 24. Calculate the highest common factor of t and 18.
6
Let r(s) = -10*s + 6*s + s - 10. Let x(t) = -t**3 + 9*t**2 - 2*t + 11. Let z be x(9). Let v be r(z). What is the highest common factor of v and 22?
11
Suppose 6 = 3*l - l. Let r(h) = -h**2 - 7*h - 5. Let u be r(-6). Let p = u + 2. What is the highest common divisor of p and l?
3
Let a(n) = 16*n**3 + 2*n**2 - n. Let r be a(1). Suppose -314 - 145 = -3*o. Calculate the highest common divisor of r and o.
17
Suppose 24*w - 1801 + 289 = 0. What is the greatest common divisor of w and 105?
21
Let m be (-1 - 0 - -1)/(-2). Let f = 101 - 96. Suppose -q + f - 4 = m. What is the highest common factor of q and 1?
1
Let b be (-12)/(-7) - (-22)/77. Suppose 0 = -2*g + 37 + 13. Suppose j - b*c = -j + 38, -5*c = g. What is the highest common factor of j and 28?
14
Suppose 11 = 3*p - 4, 4*p = 3*g + 608. Let q = -77 - g. Let x be -1 + (-12)/8*-12. Calculate the highest common factor of x and q.
17
Let b be 58 + (-9)/((-18)/4). What is the highest common divisor of b and 150?
30
Let m = 149 + -63. Suppose z = -5*h + 2*z + 209, 2*z - m = -2*h. What is the greatest common factor of h and 6?
6
Suppose 41*f - 11*f = 4290. What is the highest common factor of f and 91?
13
Let x(i) = -10*i**2 + 9*i + i**3 - 2 + 6*i - 4 - 4*i. Let g be x(9). What is the greatest common divisor of 3 and g?
3
Suppose j + 2*w - 22 = 3*j, 3*w - 45 = 5*j. Let f be j*-1*2/4. Calculate the greatest common factor of 2 and f.
1
Suppose -q = 2*o - 55, 5*o + 0*o = 0. Let c be (8/32)/(1/44). What is the highest common divisor of q and c?
11
Let x(w) = -3*w. Let p(o) = -1. Let m(t) = 4*p(t) + x(t). Let q be m(-2). Suppose q - 6 = -r. What is the highest common divisor of 44 and r?
4
Suppose 0 - 56 = -4*z. Suppose -9 = 11*w - z*w. Let o(x) = 8*x - 3. Let l be o(3). Calculate the greatest common factor of w and l.
3
Let l(y) = -y**2 - 7*y - 8. Let f be 152/(-40) - 1/5. Let k be l(f). Calculate the highest common divisor of 2 and k.
2
Let k(g) = -g**2 + 3. Let z be k(0). Suppose -7*m + 2*m = -3*l + 29, -13 = m + 3*l. Let s = z - m. What is the highest common divisor of s and 4?
2
Let c = -43 + 61. Let q be 1/(-2)*-1*24. What is the greatest common factor of c and q?
6
Suppose 2*j - 4*v = 8, 0 = 2*j - 4*j - 5*v + 8. Suppose j*x = x + 42. Calculate the highest common divisor of x and 21.
7
Suppose -4*x = 5*s - 1131 - 456, 0 = -3*s + 4*x + 933. What is the greatest common factor of s and 1155?
105
Suppose 0*y - 12 = -2*y. Let n(j) = j - 1. Let h(z) = -3*z + 4. Let q(p) = -h(p) - 4*n(p). Let t be q(-3). What is the greatest common divisor of t and y?
3
Let v be (-68)/(-1)*1/2. Suppose 120 = v*z - 31*z. Calculate the greatest common factor of 10 and z.
10
Let v = 249 - 185. What is the greatest common divisor of v and 32?
32
Let r = -93 + -32. Let v = r - -85. Let m = v + 56. What is the greatest common factor of m and 4?
4
Let j(b) = -b**2 + 3*b + 3. Let x be j(4). Suppose -3*a - k + 0*k = -18, 4*a - 17 = k. Let i = a + x. What is the highest common factor of i and 4?
4
Let z = -74 - -80. Let p be 1*z/4*(-20)/(-30). What is the greatest common factor of 1 and p?
1
Let u be -4*5/(-15)*3 - -156. What is the highest common divisor of 20 and u?
20
Let c be (6/4)/((-36)/(-552)). What is the highest common factor of 115 and c?
23
Suppose 239 = -2*m + 379. Calculate the highest common divisor of m and 35.
35
Suppose -4*l + 1144 + 716 = 0. Let k be 3/2 - l/10. Let c be (k/10)/((-6)/8). Calculate the greatest common divisor of 66 and